{"id":7,"date":"2024-01-29T16:47:45","date_gmt":"2024-01-29T16:47:45","guid":{"rendered":"https:\/\/startersites.io\/blocksy\/smile-dent\/?page_id=7"},"modified":"2026-01-24T06:12:55","modified_gmt":"2026-01-24T06:12:55","slug":"home","status":"publish","type":"page","link":"https:\/\/www.vanlangsj.com\/","title":{"rendered":"Home"},"content":{"rendered":"\n<div class=\"wp-block-greenshift-blocks-row gspb_row gspb_row-id-gsbp-cb4abf7 gspb_row--gutter-custom-0\" id=\"gspb_row-id-gsbp-cb4abf7\"><div class=\"gspb_row__content\"> \n<div class=\"wp-block-greenshift-blocks-row-column gspb_row__col--8 gspb_row__col--md-12 gspb_col-id-gsbp-d0ea657\" id=\"gspb_col-id-gsbp-d0ea657\">\n<h2 id=\"gspb_heading-id-gsbp-2ffee04\" class=\"gspb_heading gspb_heading-id-gsbp-2ffee04 \">Ch\u00e0o m\u1eebng \u0111\u1ebfn v\u1edbi <br>Trung T\u00e2m Vi\u1ec7t Ng\u1eef V\u0103n Lang San Jose<\/h2>\n\n\n\n<div id=\"gspb_text-id-gsbp-7b2363e\" class=\"gspb_text gspb_text-id-gsbp-7b2363e \">Trung T\u00e2m Vi\u1ec7t Ng\u1eef V\u0103n Lang SJ l\u00e0 tr\u01b0\u1eddng Vi\u1ec7t Ng\u1eef uy t\u00edn \u0111\u00e3 hi\u1ec7n di\u1ec7n t\u1ea1i c\u1ed9ng \u0111\u1ed3ng Vi\u1ec7t Nam San Jose tr\u00ean 40 n\u0103m qua, t\u1eeb n\u0103m 1982. Ngo\u00e0i vi\u1ec7c trau d\u1ed3i cho c\u00e1c em bi\u1ebft \u0111\u1ecdc v\u00e0 vi\u1ebft ti\u1ebfng Vi\u1ec7t, tr\u01b0\u1eddng c\u00f2n d\u1ea1y c\u00e1c em hi\u1ec3u bi\u1ebft v\u1ec1 v\u0103n h\u00f3a v\u00e0 l\u1ecbch s\u1eed c\u1ee7a d\u00e2n t\u1ed9c Vi\u1ec7t.<br>Th\u1eddi h\u1ea1n ghi danh h\u1ecdc sinh cho kh\u00f3a h\u1ecdc n\u00e0y (2025-2026) \u0111\u00e3 k\u1ebft th\u00fac. Ng\u00e0y ghi danh h\u1ecdc sinh cho kh\u00f3a h\u1ecdc ti\u1ebfp theo (2026-2027) s\u1ebd v\u00e0o Ch\u00faa Nh\u1eadt, ng\u00e0y 10 th\u00e1ng 5 n\u0103m 2026, t\u1eeb 9:00 s\u00e1ng \u0111\u1ebfn 11:30 s\u00e1ng.<\/div>\n\n\n\n<div class=\"gspb_button_wrapper gspb_button-id-gsbp-5ffb24f\" id=\"gspb_button-id-gsbp-5ffb24f\"><a class=\"wp-block-greenshift-blocks-buttonbox gspb-buttonbox wp-element-button\" href=\"\/?page_id=12\" rel=\"noopener\"><span class=\"gspb-buttonbox-textwrap\"><span class=\"gspb-buttonbox-text\"><span class=\"gspb-buttonbox-title\">\u0110\u1eccC TH\u00caM<\/span><\/span><span class=\"gspb-buttonbox-icon\"><svg xmlns=\"http:\/\/www.w3.org\/2000\/svg\" style=\"width:5rem;height:5rem;margin:10px\" viewBox=\"0 0 24 24\"><path fill-rule=\"evenodd\" d=\"M24 0v22.78h-2.87V4.9L2.03 24 0 21.97l19.1-19.1H1.26V0H24Z\"><\/path><\/svg><\/span><\/span><\/a><\/div>\n<\/div>\n\n\n\n<div class=\"wp-block-greenshift-blocks-row-column gspb_row__col--4 gspb_row__col--md-12 gspb_col-id-gsbp-983dd5f\" id=\"gspb_col-id-gsbp-983dd5f\">\n<div class=\"wp-block-greenshift-blocks-image gspb_image gspb_image-id-gsbp-59accd1\" id=\"gspb_image-id-gsbp-59accd1\"><img decoding=\"async\" src=\"https:\/\/www.vanlangsj.com\/wp-content\/uploads\/2025\/11\/VietNam_Map_SaiGon.gif\" data-src=\"\" alt=\"\" loading=\"lazy\" width=\"272\" height=\"600\"\/><\/div>\n<\/div>\n <\/div><\/div>\n\n\n\n<div class=\"wp-block-greenshift-blocks-row gspb_row gspb_row-id-gsbp-2e10063\" id=\"gspb_row-id-gsbp-2e10063\"><div class=\"gspb_row__content\"> \n<div class=\"wp-block-greenshift-blocks-row-column gspb_row__col--12 gspb_col-id-gsbp-19549f4\" id=\"gspb_col-id-gsbp-19549f4\"><\/div>\n <\/div><\/div>\n\n\n\n<div class=\"wp-block-greenshift-blocks-container gspb_container gspb_container-gsbp-9d808d3\" id=\"gspb_container-id-gsbp-9d808d3\">\n<div class=\"wp-block-greenshift-blocks-row gspb_row gspb_row-id-gsbp-6ee65f8\" id=\"gspb_row-id-gsbp-6ee65f8\"><div class=\"gspb_row__content\"> \n<div class=\"wp-block-greenshift-blocks-row-column gspb_row__col--12 gspb_col-id-gsbp-f3713bd\" id=\"gspb_col-id-gsbp-f3713bd\">\n<iframe src=\"https:\/\/www.google.com\/maps\/embed?pb=!1m18!1m12!1m3!1d6351.068774338643!2d-121.85768498649747!3d37.25875324159748!2m3!1f0!2f0!3f0!3m2!1i1024!2i768!4f13.1!3m3!1m2!1s0x808e322ca4974a4d%3A0x172ea7bea3db84a9!2s622%20Gaundabert%20Ln%2C%20San%20Jose%2C%20CA%2095136!5e0!3m2!1sen!2sus!4v1759382486958!5m2!1sen!2sus\" width=\"1250\" height=\"400\" style=\"border:0;\" allowfullscreen=\"\" loading=\"lazy\" referrerpolicy=\"no-referrer-when-downgrade\"><\/iframe>\n<\/div>\n <\/div><\/div>\n<\/div>\n\n\n\n<div class=\"wp-block-greenshift-blocks-row gspb_row gspb_row-id-gsbp-e304581 gspb_row--gutter-custom-0\" id=\"gspb_row-id-gsbp-e304581\"><div class=\"gspb_row__content\"> \n<div class=\"wp-block-greenshift-blocks-row-column gspb_row__col--4 gspb_row__col--md-12 gspb_col-id-gsbp-3630829\" id=\"gspb_col-id-gsbp-3630829\">\n<div class=\"wp-block-greenshift-blocks-iconbox gspb_iconBox gspb_iconBox-id-gsbp-ee90a80\" id=\"gspb_iconBox-id-gsbp-ee90a80\"><div class=\"gspb_iconBox__wrapper\" style=\"display:inline-flex\"><img decoding=\"async\" src=\"https:\/\/www.vanlangsj.com\/wp-content\/uploads\/2025\/10\/belarus-1294700_640.png\"\/><\/div><\/div>\n\n\n\n<h3 id=\"gspb_heading-id-gsbp-955401f\" class=\"gspb_heading gspb_heading-id-gsbp-955401f \">B\u1ea3o t\u1ed3n V\u0103n H\u00f3a<\/h3>\n\n\n\n<div id=\"gspb_text-id-gsbp-3b05374\" class=\"gspb_text gspb_text-id-gsbp-3b05374 \">Ho\u1ea1t \u0111\u1ed9ng nh\u1eb1m b\u1ea3o v\u1ec7 v\u00e0 gi\u1eef g\u00ecn c\u00e1c di s\u1ea3n v\u0103n h\u00f3a, kh\u00f4ng \u0111\u1ec3 b\u1ecb bi\u1ebfn \u0111\u1ed5i ho\u1eb7c m\u1ea5t \u0111i<\/div>\n<\/div>\n\n\n\n<div class=\"wp-block-greenshift-blocks-row-column gspb_row__col--4 gspb_row__col--md-12 gspb_col-id-gsbp-7e84b95\" id=\"gspb_col-id-gsbp-7e84b95\">\n<div class=\"wp-block-greenshift-blocks-iconbox gspb_iconBox gspb_iconBox-id-gsbp-7cdaadd\" id=\"gspb_iconBox-id-gsbp-7cdaadd\"><div class=\"gspb_iconBox__wrapper\" style=\"display:inline-flex\"><img decoding=\"async\" src=\"https:\/\/www.vanlangsj.com\/wp-content\/uploads\/2025\/10\/male-1781425_640.png\"\/><\/div><\/div>\n\n\n\n<h3 id=\"gspb_heading-id-gsbp-f69dde1\" class=\"gspb_heading gspb_heading-id-gsbp-f69dde1 \">Ph\u1ee5ng s\u1ef1 X\u00e3 H\u1ed9i<\/h3>\n\n\n\n<div id=\"gspb_text-id-gsbp-12eef0e\" class=\"gspb_text gspb_text-id-gsbp-12eef0e \">N\u1ed7 l\u1ef1c v\u00ec l\u1ee3i \u00edch v\u00e0 h\u1ea1nh ph\u00fac c\u1ee7a c\u1ed9ng \u0111\u1ed3ng, kh\u00f4ng v\u1ee5 l\u1ee3i hay danh l\u1ee3i,<\/div>\n<\/div>\n\n\n\n<div class=\"wp-block-greenshift-blocks-row-column gspb_row__col--4 gspb_row__col--md-12 gspb_col-id-gsbp-ca33e9f\" id=\"gspb_col-id-gsbp-ca33e9f\">\n<div class=\"wp-block-greenshift-blocks-iconbox gspb_iconBox gspb_iconBox-id-gsbp-971fc12\" id=\"gspb_iconBox-id-gsbp-971fc12\"><div class=\"gspb_iconBox__wrapper\" style=\"display:inline-flex\"><img decoding=\"async\" src=\"https:\/\/www.vanlangsj.com\/wp-content\/uploads\/2025\/10\/fist-41490_640.png\"\/><\/div><\/div>\n\n\n\n<h3 id=\"gspb_heading-id-gsbp-51ff451\" class=\"gspb_heading gspb_heading-id-gsbp-51ff451 \">T\u1ef1 Do v\u00e0 D\u00e2n Ch\u1ee7 cho Vi\u1ec7t Nam<\/h3>\n\n\n\n<div id=\"gspb_text-id-gsbp-924b93c\" class=\"gspb_text gspb_text-id-gsbp-924b93c \">T\u00f4n tr\u1ecdng\u00a0<em>v\u00e0<\/em>\u00a0\u0111\u1ea3m b\u1ea3o <em>t\u1ef1 do v\u00e0<\/em>\u00a0b\u00ecnh \u0111\u1eb3ng v\u1ec1 quy\u1ec1n l\u1ee3i c\u1ee7a c\u00f4ng d\u00e2n<\/div>\n<\/div>\n <\/div><\/div>\n\n\n\n<p><\/p>\n","protected":false},"excerpt":{"rendered":"","protected":false},"author":1,"featured_media":0,"parent":0,"menu_order":0,"comment_status":"closed","ping_status":"closed","template":"","meta":{"_gspb_post_css":"#gspb_row-id-gsbp-cb4abf7{justify-content:space-between;margin-top:0;margin-bottom:0;display:flex;flex-wrap:wrap;padding-top:80px;padding-right:80px;padding-left:80px}#gspb_row-id-gsbp-cb4abf7>.gspb_row__content{display:flex;justify-content:space-between;margin:0 auto;width:100%;flex-wrap:wrap}div[id^=gspb_col-id]{box-sizing:border-box;position:relative;padding:var(--gs-row-column-padding, 15px min(3vw, 20px))}@media (max-width:991.98px){#gspb_row-id-gsbp-cb4abf7{padding-top:60px;padding-right:50px;padding-left:50px}}@media (max-width:575.98px){#gspb_row-id-gsbp-cb4abf7{padding-top:50px;padding-right:35px;padding-left:35px}}#gspb_row-id-gsbp-cb4abf7{background-color:var(--wp--preset--color--palette-color-7, var(--theme-palette-color-7, #F7FAFD))}#gspb_col-id-gsbp-d0ea657.gspb_row__col--8{width:calc(66.66666666666667% - 25px)}@media (max-width:991.98px){#gspb_col-id-gsbp-d0ea657.gspb_row__col--8{width:100%}}@media (max-width:767.98px){#gspb_col-id-gsbp-d0ea657.gspb_row__col--8{width:calc(100% - 25px)}}@media (max-width:575.98px){#gspb_col-id-gsbp-d0ea657.gspb_row__col--8{width:100%}}.gspb_row #gspb_col-id-gsbp-d0ea657.gspb_row__col--8{padding:0 0 80px}@media (max-width:991.98px){.gspb_row #gspb_col-id-gsbp-d0ea657.gspb_row__col--8{padding-bottom:50px}}body #gspb_col-id-gsbp-d0ea657.gspb_row__col--8{display:flex;flex-direction:column;justify-content:center}#gspb_heading-id-gsbp-2ffee04{font-size:35px}@media (max-width:991.98px){#gspb_heading-id-gsbp-2ffee04{font-size:35px}}@media (max-width:575.98px){#gspb_heading-id-gsbp-2ffee04{font-size:30px}}#gspb_heading-id-gsbp-2ffee04,#gspb_heading-id-gsbp-2ffee04 .gsap-g-line{text-align:center!important}@media (max-width:991.98px){#gspb_heading-id-gsbp-2ffee04,#gspb_heading-id-gsbp-2ffee04 .gsap-g-line{text-align:center!important}}#gspb_heading-id-gsbp-2ffee04{font-weight:800!important;margin-top:0;margin-bottom:20px}@media (max-width:991.98px){.gspb_text-id-gsbp-7b2363e,.gspb_text-id-gsbp-7b2363e .gsap-g-line{text-align:center!important}}.gspb_text-id-gsbp-7b2363e{margin-bottom:40px!important}#gspb_button-id-gsbp-5ffb24f{display:flex;justify-content:flex-start}#gspb_button-id-gsbp-5ffb24f .gspb-buttonbox-text{display:flex;flex-direction:column}#gspb_button-id-gsbp-5ffb24f>.gspb-buttonbox{box-sizing:border-box}#gspb_button-id-gsbp-5ffb24f>.gspb-buttonbox>.gspb-buttonbox-textwrap>.gspb-buttonbox-icon{display:flex}#gspb_button-id-gsbp-5ffb24f>.gspb-buttonbox .gspb-buttonbox-icon svg{height:13px!important;width:13px!important;min-width:13px!important}@media (max-width:575.98px){#gspb_button-id-gsbp-5ffb24f>.gspb-buttonbox .gspb-buttonbox-icon svg{height:10px!important;width:10px!important;min-width:10px!important}}#gspb_button-id-gsbp-5ffb24f>.gspb-buttonbox .gspb-buttonbox-icon svg,#gspb_button-id-gsbp-5ffb24f>.gspb-buttonbox .gspb-buttonbox-icon svg path{fill:currentColor!important}#gspb_button-id-gsbp-5ffb24f>.gspb-buttonbox .gspb-buttonbox-icon svg{margin:0!important}#gspb_button-id-gsbp-5ffb24f>.gspb-buttonbox>.gspb-buttonbox-textwrap{display:flex;flex-direction:row;align-items:center}#gspb_button-id-gsbp-5ffb24f .gspb-buttonbox-icon{margin-left:13px}@media (max-width:991.98px){#gspb_button-id-gsbp-5ffb24f{justify-content:center}}#gspb_button-id-gsbp-5ffb24f>.gspb-buttonbox{margin-bottom:50px}#gspb_col-id-gsbp-983dd5f.gspb_row__col--4{width:calc(33.333333333333336% - 25px)}@media (max-width:991.98px){#gspb_col-id-gsbp-983dd5f.gspb_row__col--4{width:100%}}@media (max-width:767.98px){#gspb_col-id-gsbp-983dd5f.gspb_row__col--4{width:calc(100% - 25px)}}@media (max-width:575.98px){#gspb_col-id-gsbp-983dd5f.gspb_row__col--4{width:100%}}.gspb_row #gspb_col-id-gsbp-983dd5f.gspb_row__col--4{padding:0}body #gspb_col-id-gsbp-983dd5f.gspb_row__col--4{display:flex;flex-direction:column;justify-content:flex-end}@media (max-width:991.98px){#gspb_image-id-gsbp-59accd1{text-align:center}}#gspb_image-id-gsbp-59accd1 img{vertical-align:top;display:inline-block;box-sizing:border-box;max-width:100%;height:auto}#gspb_image-id-gsbp-59accd1{padding-bottom:20px}body.gspb-bodyfront #gspb_image-id-gsbp-59accd1{position:absolute;top:-27px;left:21.973094170403588%}@media (max-width:991.98px){#gspb_image-id-gsbp-59accd1 img{width:80%}}@media (max-width:575.98px){#gspb_image-id-gsbp-59accd1 img{width:100%}}@media (max-width:991.98px){#gspb_image-id-gsbp-59accd1,#gspb_image-id-gsbp-59accd1 img{height:auto}}@media (max-width:767.98px){#gspb_image-id-gsbp-59accd1,#gspb_image-id-gsbp-59accd1 img{height:auto}}@media (max-width:575.98px){#gspb_image-id-gsbp-59accd1,#gspb_image-id-gsbp-59accd1 img{height:auto}}#gspb_row-id-gsbp-2e10063{justify-content:space-between;margin-top:0;margin-bottom:0;display:flex;flex-wrap:wrap;background-color:var(--wp--preset--color--palette-color-7, var(--theme-palette-color-7, #F7FAFD))}#gspb_row-id-gsbp-2e10063>.gspb_row__content{display:flex;justify-content:space-between;margin:0 auto;width:100%;flex-wrap:wrap}body.gspb-bodyfront #gspb_row-id-gsbp-2e10063>.gspb_row__content,body.gspb-bodyfront #gspb_row-id-gsbp-cb4abf7>.gspb_row__content{width:var(--theme-container-width, 1200px);max-width:var(--theme-normal-container-max-width, 1200px)}#gspb_col-id-gsbp-19549f4.gspb_row__col--12{width:100%}@media (max-width:575.98px){#gspb_col-id-gsbp-19549f4.gspb_row__col--12{width:100%}}.gspb_row #gspb_col-id-gsbp-19549f4.gspb_row__col--12{padding-right:0}#gspb_col-id-gsbp-19549f4.gspb_row__col--12{background-color:var(--wp--preset--color--palette-color-9, var(--theme-palette-color-9, #FFE8DA))}body #gspb_col-id-gsbp-19549f4.gspb_row__col--12{display:flex;flex-direction:column;justify-content:center;align-items:stretch}.gspb_container-id-gsbp-9d808d3{flex-direction:column;box-sizing:border-box}#gspb_container-id-gsbp-9d808d3.gspb_container>p:last-of-type{margin-bottom:0}#gspb_container-id-gsbp-9d808d3.gspb_container,.gspb_row{position:relative}#gspb_row-id-gsbp-6ee65f8,#gspb_row-id-gsbp-6ee65f8>.gspb_row__content,#gspb_row-id-gsbp-e304581{justify-content:space-between;display:flex;flex-wrap:wrap}#gspb_row-id-gsbp-6ee65f8{margin-top:0;margin-bottom:0;background-color:var(--wp--preset--color--palette-color-7, var(--theme-palette-color-7, #F7FAFD));border-style:solid;border-width:1px;border-color:var(--wp--preset--color--border, #00000012)}#gspb_row-id-gsbp-6ee65f8>.gspb_row__content{margin:0 auto;width:100%}#gspb_col-id-gsbp-f3713bd.gspb_row__col--12{width:100%}@media (max-width:575.98px){#gspb_col-id-gsbp-f3713bd.gspb_row__col--12{width:100%}}#gspb_row-id-gsbp-e304581{margin-top:68px;margin-bottom:60px}#gspb_row-id-gsbp-e304581>.gspb_row__content{display:flex;justify-content:space-between;margin:0 auto;width:100%;flex-wrap:wrap}@media (max-width:991.98px){#gspb_row-id-gsbp-e304581>.gspb_row__content{row-gap:40px}}body.gspb-bodyfront #gspb_row-id-gsbp-6ee65f8>.gspb_row__content,body.gspb-bodyfront #gspb_row-id-gsbp-e304581>.gspb_row__content{width:var(--theme-container-width, 1200px);max-width:var(--theme-normal-container-max-width, 1200px)}#gspb_col-id-gsbp-3630829.gspb_row__col--4{width:calc(33.333333333333336% - 25px)}@media (max-width:991.98px){#gspb_col-id-gsbp-3630829.gspb_row__col--4{width:100%}}@media (max-width:767.98px){#gspb_col-id-gsbp-3630829.gspb_row__col--4{width:calc(100% - 25px)}}@media (max-width:575.98px){#gspb_col-id-gsbp-3630829.gspb_row__col--4{width:100%}}.gspb_row #gspb_col-id-gsbp-3630829.gspb_row__col--4{padding:45px 35px}@media (max-width:575.98px){.gspb_row #gspb_col-id-gsbp-3630829.gspb_row__col--4{padding-top:35px;padding-bottom:35px}}#gspb_col-id-gsbp-3630829.gspb_row__col--4:hover{background-color:var(--wp--preset--color--palette-color-7, var(--theme-palette-color-7, #F7FAFD))!important}#gspb_col-id-gsbp-3630829.gspb_row__col--4{transition:all .2s ease;border-style:solid;border-width:2px;border-color:var(--wp--preset--color--background, #f9f9f9)}body #gspb_col-id-gsbp-3630829.gspb_row__col--4,body #gspb_col-id-gsbp-7e84b95.gspb_row__col--4,body #gspb_col-id-gsbp-ca33e9f.gspb_row__col--4{display:flex;flex-direction:column;align-items:center}#gspb_col-id-gsbp-3630829.gspb_row__col--4,#gspb_col-id-gsbp-3630829.gspb_row__col--4>.gspb_backgroundOverlay{border-top-left-radius:40px;border-top-right-radius:40px;border-bottom-right-radius:40px;border-bottom-left-radius:40px}#gspb_iconBox-id-gsbp-7cdaadd svg,#gspb_iconBox-id-gsbp-971fc12 svg,#gspb_iconBox-id-gsbp-ee90a80 svg{width:72px}#gspb_iconBox-id-gsbp-ee90a80{display:flex}#gspb_iconBox-id-gsbp-ee90a80 img{height:200px!important;width:200px!important;min-width:200px!important}@media (max-width:991.98px){#gspb_iconBox-id-gsbp-ee90a80 img{height:45px!important;width:45px!important;min-width:45px!important}}#gspb_iconBox-id-gsbp-ee90a80 img,#gspb_iconBox-id-gsbp-ee90a80 img path{fill:var(--theme-link-initial-color, #2184f9)!important}#gspb_iconBox-id-gsbp-ee90a80 img{margin:0!important}#gspb_iconBox-id-gsbp-ee90a80 .gspb_iconBox__wrapper{margin-bottom:30px}#gspb_heading-id-gsbp-955401f{font-size:22px}@media (max-width:991.98px){#gspb_heading-id-gsbp-955401f{font-size:18px}}#gspb_heading-id-gsbp-955401f,#gspb_heading-id-gsbp-955401f .gsap-g-line,.gspb_text-id-gsbp-3b05374,.gspb_text-id-gsbp-3b05374 .gsap-g-line{text-align:center!important}#gspb_heading-id-gsbp-955401f{margin-top:0;margin-bottom:10px}.gspb_text-id-gsbp-3b05374{margin-bottom:30px!important;max-width:380px}#gspb_col-id-gsbp-7e84b95.gspb_row__col--4{width:calc(33.333333333333336% - 25px)}@media (max-width:991.98px){#gspb_col-id-gsbp-7e84b95.gspb_row__col--4{width:100%}}@media (max-width:767.98px){#gspb_col-id-gsbp-7e84b95.gspb_row__col--4{width:calc(100% - 25px)}}@media (max-width:575.98px){#gspb_col-id-gsbp-7e84b95.gspb_row__col--4{width:100%}}.gspb_row #gspb_col-id-gsbp-7e84b95.gspb_row__col--4{padding:45px 35px}@media (max-width:575.98px){.gspb_row #gspb_col-id-gsbp-7e84b95.gspb_row__col--4{padding-top:35px;padding-bottom:35px}}#gspb_col-id-gsbp-7e84b95.gspb_row__col--4:hover{background-color:var(--wp--preset--color--palette-color-7, var(--theme-palette-color-7, #F7FAFD))!important}#gspb_col-id-gsbp-7e84b95.gspb_row__col--4{transition:all .2s ease;border-style:solid;border-width:2px;border-color:var(--wp--preset--color--palette-color-7, var(--theme-palette-color-7, #F7FAFD))}#gspb_col-id-gsbp-7e84b95.gspb_row__col--4,#gspb_col-id-gsbp-7e84b95.gspb_row__col--4>.gspb_backgroundOverlay{border-top-left-radius:40px;border-top-right-radius:40px;border-bottom-right-radius:40px;border-bottom-left-radius:40px}#gspb_iconBox-id-gsbp-7cdaadd{display:flex}#gspb_iconBox-id-gsbp-7cdaadd img{height:200px!important;width:200px!important;min-width:200px!important}@media (max-width:991.98px){#gspb_iconBox-id-gsbp-7cdaadd img{height:45px!important;width:45px!important;min-width:45px!important}}#gspb_iconBox-id-gsbp-7cdaadd img,#gspb_iconBox-id-gsbp-7cdaadd img path{fill:var(--theme-link-initial-color, #2184f9)!important}#gspb_iconBox-id-gsbp-7cdaadd img{margin:0!important}#gspb_iconBox-id-gsbp-7cdaadd .gspb_iconBox__wrapper{margin-bottom:30px}#gspb_heading-id-gsbp-f69dde1{font-size:22px}@media (max-width:991.98px){#gspb_heading-id-gsbp-f69dde1{font-size:18px}}#gspb_heading-id-gsbp-f69dde1,#gspb_heading-id-gsbp-f69dde1 .gsap-g-line,.gspb_text-id-gsbp-12eef0e,.gspb_text-id-gsbp-12eef0e .gsap-g-line{text-align:center!important}#gspb_heading-id-gsbp-f69dde1{margin-top:0;margin-bottom:10px}.gspb_text-id-gsbp-12eef0e{margin-bottom:30px!important;max-width:380px}#gspb_col-id-gsbp-ca33e9f.gspb_row__col--4{width:calc(33.333333333333336% - 25px)}@media (max-width:991.98px){#gspb_col-id-gsbp-ca33e9f.gspb_row__col--4{width:100%}}@media (max-width:767.98px){#gspb_col-id-gsbp-ca33e9f.gspb_row__col--4{width:calc(100% - 25px)}}@media (max-width:575.98px){#gspb_col-id-gsbp-ca33e9f.gspb_row__col--4{width:100%}}.gspb_row #gspb_col-id-gsbp-ca33e9f.gspb_row__col--4{padding:45px 35px}@media (max-width:575.98px){.gspb_row #gspb_col-id-gsbp-ca33e9f.gspb_row__col--4{padding-top:35px;padding-bottom:35px}}#gspb_col-id-gsbp-ca33e9f.gspb_row__col--4:hover{background-color:var(--wp--preset--color--palette-color-7, var(--theme-palette-color-7, #F7FAFD))!important}#gspb_col-id-gsbp-ca33e9f.gspb_row__col--4{transition:all .2s ease;border-style:solid;border-width:2px;border-color:var(--wp--preset--color--palette-color-7, var(--theme-palette-color-7, #F7FAFD))}#gspb_col-id-gsbp-ca33e9f.gspb_row__col--4,#gspb_col-id-gsbp-ca33e9f.gspb_row__col--4>.gspb_backgroundOverlay{border-top-left-radius:40px;border-top-right-radius:40px;border-bottom-right-radius:40px;border-bottom-left-radius:40px}#gspb_iconBox-id-gsbp-971fc12{display:flex}#gspb_iconBox-id-gsbp-971fc12 img{height:200px!important;width:200px!important;min-width:200px!important}@media (max-width:991.98px){#gspb_iconBox-id-gsbp-971fc12 img{height:45px!important;width:45px!important;min-width:45px!important}}#gspb_iconBox-id-gsbp-971fc12 img,#gspb_iconBox-id-gsbp-971fc12 img path{fill:var(--theme-link-initial-color, #2184f9)!important}#gspb_iconBox-id-gsbp-971fc12 img{margin:0!important}#gspb_iconBox-id-gsbp-971fc12 .gspb_iconBox__wrapper{margin-top:0;margin-bottom:30px}#gspb_heading-id-gsbp-51ff451{font-size:22px}@media (max-width:991.98px){#gspb_heading-id-gsbp-51ff451{font-size:18px}}#gspb_heading-id-gsbp-51ff451,#gspb_heading-id-gsbp-51ff451 .gsap-g-line,.gspb_text-id-gsbp-924b93c,.gspb_text-id-gsbp-924b93c .gsap-g-line{text-align:center!important}#gspb_heading-id-gsbp-51ff451{margin-top:0;margin-bottom:10px}.gspb_text-id-gsbp-924b93c{margin-top:0!important;margin-bottom:30px!important;max-width:380px}","footnotes":""},"class_list":["post-7","page","type-page","status-publish","hentry"],"blocksy_meta":{"has_hero_section":"disabled","styles_descriptor":{"styles":{"desktop":"","tablet":"","mobile":""},"google_fonts":[],"version":6},"vertical_spacing_source":"custom","content_area_spacing":"none"},"_links":{"self":[{"href":"https:\/\/www.vanlangsj.com\/index.php?rest_route=\/wp\/v2\/pages\/7","targetHints":{"allow":["GET"]}}],"collection":[{"href":"https:\/\/www.vanlangsj.com\/index.php?rest_route=\/wp\/v2\/pages"}],"about":[{"href":"https:\/\/www.vanlangsj.com\/index.php?rest_route=\/wp\/v2\/types\/page"}],"author":[{"embeddable":true,"href":"https:\/\/www.vanlangsj.com\/index.php?rest_route=\/wp\/v2\/users\/1"}],"replies":[{"embeddable":true,"href":"https:\/\/www.vanlangsj.com\/index.php?rest_route=%2Fwp%2Fv2%2Fcomments&post=7"}],"version-history":[{"count":57,"href":"https:\/\/www.vanlangsj.com\/index.php?rest_route=\/wp\/v2\/pages\/7\/revisions"}],"predecessor-version":[{"id":1178,"href":"https:\/\/www.vanlangsj.com\/index.php?rest_route=\/wp\/v2\/pages\/7\/revisions\/1178"}],"wp:attachment":[{"href":"https:\/\/www.vanlangsj.com\/index.php?rest_route=%2Fwp%2Fv2%2Fmedia&parent=7"}],"curies":[{"name":"wp","href":"https:\/\/api.w.org\/{rel}","templated":true}]}}